ded by 19.
16
Suppose d + h = 7, 2*d + 0*h - 10 = -3*h. Calculate the remainder when 54 is divided by d.
10
Suppose p - 3 = -2*w - w, 0 = 5*p - 2*w - 15. Suppose -2*j + 4*j = p*o + 95, -5*o + 55 = 2*j. Calculate the remainder when j is divided by 14.
12
What is the remainder when 1*10*(2 + 1) is divided by 6/24 - 126/(-8)?
14
Let d(u) = 5*u**2 + u. Let o be d(-1). Suppose 4*h + o*j - 12 = 0, 2*h + 0*h - j = -6. Let s(q) = -11*q. Calculate the remainder when 20 is divided by s(h).
9
Let h(m) be the second derivative of m**5/20 - 3*m**4/4 + 5*m**3/3 - m**2 + 4*m. What is the remainder when 41 is divided by h(8)?
13
Let s = -5 - -6. Let y = s + 1. Suppose -y*o - 4*w + 16 = -3*w, -3*w = -6. Calculate the remainder when 12 is divided by o.
5
Let m = 12 + 10. Suppose 0 = -2*q - d + 15, -4*q + 2*d = -2*d. Let i(g) = 12*g + 4. Calculate the remainder when i(q) is divided by m.
20
Suppose 0*t + 3*t - 134 = 4*c, 4*c = 16. What is the remainder when t is divided by 18?
14
Suppose 2*o - 6 = 10. Calculate the remainder when 30 is divided by o.
6
Let g(o) = -3*o + 23. Calculate the remainder when g(-12) is divided by 15.
14
Suppose 3*b - 7 = 2*b + 3*h, -3*h = -12. What is the remainder when 75 is divided by b?
18
Calculate the remainder when (-562)/(-18) - (-6 + (-224)/(-36)) is divided by 11.
9
Suppose 0 = -3*j - 3, 3*o - 3*j - 62 = 10. Calculate the remainder when o is divided by 6.
5
Suppose 0*h = -3*h + 39. Suppose -61 - 119 = 3*a. What is the remainder when h is divided by a/(-3)*(-1)/(-4)?
3
Let t be (-186)/(-15) + (-6)/15. Suppose t + 9 = 3*y. What is the remainder when y is divided by 2?
1
Let c(p) = 2*p**2 + 15*p + 6. Let z be c(-10). Suppose -2 = -2*u + z. What is the remainder when u is divided by 10?
9
Let a = -49 + 91. Calculate the remainder when a is divided by 15.
12
Suppose -4*c - 2*y = -152, c - 13 - 25 = 2*y. What is the remainder when c is divided by (13/(-4))/((-2)/8)?
12
Suppose -12 = 3*a, 2*p - 7*a + 2*a - 52 = 0. Let i(l) = -l**3 + 8*l**2 + 9. Calculate the remainder when p is divided by i(8).
7
Let o(q) = -q**2 + 5*q - 6. Let m be o(5). Calculate the remainder when (-2 + -35)*m/6 is divided by 13.
11
Suppose 5*w = 4*w + 48. Suppose -4*g + n + 48 = 5*n, 5*g - n - w = 0. What is the remainder when 16 is divided by g?
6
Let x(u) = 2*u**2 + u - 6. Let b(g) = -g + 11. Let z be b(8). Calculate the remainder when x(z) is divided by 8.
7
Suppose -4*c = -m - 8, 4*c - c = 4*m + 6. Suppose -3*j + 45 = -m*j. Calculate the remainder when 29 is divided by j.
14
Suppose -4*o + 4*m = 3 + 1, 3*o - 22 = -2*m. Let s(k) = k**2 - 4*k + 6. Calculate the remainder when s(4) is divided by o.
2
Suppose 0 = 4*g - 24. Let a = g + -1. Suppose a*z + 0*z = 35. Calculate the remainder when z is divided by 4.
3
Let f(c) = 0 + 3 + 4*c + 4*c**2 + c - c**2. What is the remainder when 44 is divided by f(-3)?
14
Let j(x) = x**3 - 8*x**2 - 8*x - 3. What is the remainder when 23 is divided by j(9)?
5
Let y(v) = v. Let x be y(-2). Calculate the remainder when 15 is divided by ((-4)/x)/(2/8).
7
Let y = -162 - -185. Let l(w) = w**2 + 6. Calculate the remainder when y is divided by l(0).
5
Let i(z) = -z + 4. Let r be i(-3). Suppose 0*a - r = -a. Suppose -3 + a = b. Calculate the remainder when b is divided by 3.
1
Let j(l) = -2*l**3 + 5*l - 2. Calculate the remainder when j(-3) is divided by 10.
7
Let t = -70 - -117. What is the remainder when t is divided by 20?
7
Let x(q) = q**3 - 4*q**2 - 7. Suppose 3*h - 1 - 14 = 0. What is the remainder when x(5) is divided by h?
3
Suppose 2*y = -5*n + 6, 5*n - 4*n - 38 = -5*y. Let f = y - 6. Suppose -2*p = f*p - 4. Calculate the remainder when 1 is divided by p.
0
Let h(x) = -2*x - 9. Calculate the remainder when h(-9) is divided by 2.
1
Let v(c) = c**3 - 2*c**2 + 2*c + 1. Suppose -4 = 2*g + 6*h - 2*h, 2*h - 4 = -2*g. Calculate the remainder when v(3) is divided by g.
4
Suppose -15 = -4*s + 1, -5*k = 4*s - 16. Suppose 0*w + 4*w + 40 = k. What is the remainder when 46 is divided by (-20)/(-6)*(-48)/w?
14
What is the remainder when ((-1)/(-2))/(-4 - (-1188)/296) is divided by 22?
15
Let h = 19 - -1. Calculate the remainder when (1946/35 - (-4)/10) + 3 is divided by h.
19
Let q = 8 - -3. What is the remainder when 30 is divided by q?
8
Calculate the remainder when 47 is divided by (-28)/(-3) - (20/6 - 4).
7
Let k = 12 + -27. Calculate the remainder when (0 + (-10)/3)*k is divided by 13.
11
Suppose -103 = -5*n - 2*m, -3*n - 13*m + 8*m + 77 = 0. Calculate the remainder when 92 is divided by n.
16
What is the remainder when (-9)/(-6) - (-315)/2 - 4 is divided by 32?
27
Suppose -8*n - 2 = -10*n. Let o(u) = u**2 + 5*u + 1. Calculate the remainder when n is divided by o(-5).
0
Let m = 19 - -4. What is the remainder when 43 is divided by m?
20
Let x be (-3)/3 - -3 - -171. Let z = x - 93. Suppose 0*d = 5*d - z. What is the remainder when 46 is divided by d?
14
Suppose 8*x - 75 = -11. Suppose 5*u - 5 = 0, 2*d - u - 72 - 3 = 0. Calculate the remainder when d is divided by x.
6
Suppose 0 = 2*j - 40 - 28. What is the remainder when j is divided by 13?
8
Let o(w) = -w + 3. Let m be o(2). Let c = 8 - 1. Calculate the remainder when 27 is divided by (c/2)/(m/2).
6
Let h = 4 + -1. Suppose 2*u - h*q - 571 = 0, -1 - 8 = 3*q. Suppose -5*k + u = -3*c, -4*c = 5*k - 3*c - 273. Calculate the remainder when k is divided by 19.
17
Let a be 1 - -2 - (1 - 8). Suppose a*u = 4*u + 84. Suppose -5*l - 2*v - 2*v + 143 = 0, 4*l + 4*v - 116 = 0. What is the remainder when l is divided by u?
13
Suppose -3*d - 48 = -3*r, 37 = 4*r + 3*d + 2*d. Suppose 0*l = -l + 37. What is the remainder when l is divided by r?
11
Let l(o) = o**2. Let f(j) = 3*j**2 - 8*j + 8. Let n(y) = -f(y) + 4*l(y). Calculate the remainder when 33 is divided by n(-10).
9
Let a be -4 - -74*1 - -3. Calculate the remainder when 95 is divided by a/3 + (-1)/3.
23
Suppose 2*p - 4*p = -52. Suppose 3*a = 2*r + 73, 3*a - 65 = r + 9. Suppose -v + s - 6 = -a, -2*v + 53 = -5*s. Calculate the remainder when p is divided by v.
12
Let u(i) = -11*i - 7. Let n = 4 + -11. Let w = n - -22. Calculate the remainder when u(-6) is divided by w.
14
Suppose 4*o = 7*o - 48. Suppose -c - 63 = -2*c. What is the remainder when c is divided by o?
15
Suppose -66 = -5*w - 2*o, -3*w - 22 = -5*w - 3*o. Suppose 0 = 4*n - w - 6. Suppose n*j - 93 = 2*j. What is the remainder when j is divided by 8?
7
Suppose w + 4*p = 19, 3*w + 0*w - 3*p - 42 = 0. Suppose 0 = 3*y - w, 2*y - 3*y - 147 = -4*h. Calculate the remainder when h is divided by 8.
6
Let y(s) be the second derivative of s**5/20 - s**4/12 + 19*s**2/2 - s. Suppose 0 = 2*r, -6*v = -3*v - 3*r. Calculate the remainder when y(v) is divided by 10.
9
Suppose 2*l + 0*w - w = -17, 4*w = -3*l + 2. Suppose 30 - 446 = 4*y. Calculate the remainder when 50 is divided by y/l - 2/6.
16
Let m(z) = -z + 6. Let u be m(-6). Let n = u - 9. Calculate the remainder when -3 + n + 9 + -1 is divided by 3.
2
Let q = 48 + -20. What is the remainder when 138 is divided by q?
26
Calculate the remainder when 188 is divided by 4/(48/(-54))*-2.
8
Let o = 74 + -53. Calculate the remainder when 41 is divided by o.
20
Let s be ((-4)/6)/(4/18). Let z(h) = 4*h**2 + 4*h. Calculate the remainder when z(s) is divided by 9.
6
Suppose -y - 2*y + 169 = 2*a, 0 = -a - y + 84. Let g = 1187 - 1159. Calculate the remainder when a is divided by g.
27
What is the remainder when 64 is divided by 11/(22/28) + 3?
13
Let d(i) = -4*i + 3 - i**2 + 2*i + 1 + 3*i. Calculate the remainder when d(0) is divided by 3.
1
Suppose -2*i + 7 = j - 51, -12 = -3*j. Let t be 2*(1 - i/6). Let v(l) = l**3 + 7*l**2 - l + 1. Calculate the remainder when v(t) is divided by 3.
2
Let o(u) = u**2 - 3*u - 17. Let f(y) = -y**3 - 10*y**2 - 11*y + 2. Calculate the remainder when o(9) is divided by f(-9).
17
Suppose -d = 5*w - 12, 5*w - 3*d - 23 = 1. Calculate the remainder when w is divided by 3.
0
Suppose w + 0 - 4 = 0. Suppose f - h - 6 = h, w*h = -4. Suppose -3*a + f = a. Calculate the remainder when a is divided by 1.
0
Suppose w + 3*m + 1 = 0, 0 = 5*w - 0*w - 4*m - 14. Let y(q) = -q**3 + 9*q**2 - 3*q + 28. What is the remainder when w is divided by y(9)?
0
Let c(a) = a + 5. Let n be c(-5). Suppose -4*w = -4*g - 20, n = w + 2*w + 2*g - 10. Suppose -8*o + w*o